{"id":5649,"date":"2025-11-27T14:28:28","date_gmt":"2025-11-27T14:28:28","guid":{"rendered":"https:\/\/dahianvelasquez.com\/?post_type=product&#038;p=5649"},"modified":"2026-01-25T16:28:09","modified_gmt":"2026-01-25T16:28:09","slug":"tiara-aurora","status":"publish","type":"product","link":"https:\/\/dahianvelasquez.com\/en\/product\/tiara-aurora\/","title":{"rendered":"Tiara Aurora"},"content":{"rendered":"<p>Este tocado tiene una estructura delicada y flexible, trabajada con t\u00e9cnica de alambrismo en tono plata. Los hilos finos se entrelazan para formar peque\u00f1as ramas adornadas con perlas naturales y cristales transparentes que capturan la luz con sutileza. Su dise\u00f1o liviano y org\u00e1nico permite adaptarlo f\u00e1cilmente en forma de tiara como\u00a0 alrededor de un mo\u00f1o, trenza o como detalle lateral, aportando un brillo elegante sin restar protagonismo al peinado.<\/p>\n<p>Ideal para novias que buscan un accesorio discreto, vers\u00e1til y atemporal, que acompa\u00f1e tanto looks cl\u00e1sicos como modernos con un toque de romanticismo.<\/p>\n<p><strong>T\u00e9cnica:<\/strong> Alambrismo hecho a mano\u00a0 por nuestras artesanas.<b><br \/>\nColor: <\/b>Perla natural , perlas de vidrio,piedra en vidrio , alambre ba\u00f1o. Puedes pedirlo en preorden en color oro rosa o dorado.<\/p>\n<ul>\n<li>Medidas: 50cm x 4cm<\/li>\n<\/ul>\n<p>Hecho a mano en Colombia.<\/p>","protected":false},"excerpt":{"rendered":"<p>Este tocado tiene una estructura delicada y flexible, trabajada con t\u00e9cnica de alambrismo en tono plata. Los hilos finos se entrelazan para formar peque\u00f1as ramas adornadas con perlas naturales y cristales transparentes que capturan la luz con sutileza. Su dise\u00f1o liviano y org\u00e1nico permite adaptarlo f\u00e1cilmente en forma de tiara como\u00a0 alrededor de un mo\u00f1o, trenza o como detalle lateral, aportando un brillo elegante sin restar protagonismo al<\/p>","protected":false},"featured_media":5650,"template":"","meta":[],"product_brand":[],"product_cat":[30],"product_tag":[],"class_list":{"0":"post-5649","1":"product","2":"type-product","3":"status-publish","4":"has-post-thumbnail","6":"product_cat-tocados-y-accesorios-para-el-cabello","7":"product_shipping_class-caja-pequena","9":"first","10":"instock","11":"shipping-taxable","12":"purchasable","13":"product-type-simple"},"aioseo_notices":[],"_links":{"self":[{"href":"https:\/\/dahianvelasquez.com\/en\/wp-json\/wp\/v2\/product\/5649","targetHints":{"allow":["GET"]}}],"collection":[{"href":"https:\/\/dahianvelasquez.com\/en\/wp-json\/wp\/v2\/product"}],"about":[{"href":"https:\/\/dahianvelasquez.com\/en\/wp-json\/wp\/v2\/types\/product"}],"wp:featuredmedia":[{"embeddable":true,"href":"https:\/\/dahianvelasquez.com\/en\/wp-json\/wp\/v2\/media\/5650"}],"wp:attachment":[{"href":"https:\/\/dahianvelasquez.com\/en\/wp-json\/wp\/v2\/media?parent=5649"}],"wp:term":[{"taxonomy":"product_brand","embeddable":true,"href":"https:\/\/dahianvelasquez.com\/en\/wp-json\/wp\/v2\/product_brand?post=5649"},{"taxonomy":"product_cat","embeddable":true,"href":"https:\/\/dahianvelasquez.com\/en\/wp-json\/wp\/v2\/product_cat?post=5649"},{"taxonomy":"product_tag","embeddable":true,"href":"https:\/\/dahianvelasquez.com\/en\/wp-json\/wp\/v2\/product_tag?post=5649"}],"curies":[{"name":"wp","href":"https:\/\/api.w.org\/{rel}","templated":true}]}}

<p>Este tocado tiene una estructura delicada y flexible, trabajada con técnica de alambrismo en tono plata. Los hilos finos se entrelazan para formar pequeñas ramas adornadas con perlas naturales y cristales transparentes que capturan la luz con sutileza. Su diseño liviano y orgánico permite adaptarlo fácilmente en forma de tiara como  alrededor de un moño, trenza o como detalle lateral, aportando un brillo elegante sin restar protagonismo al peinado.</p>
<p>Ideal para novias que buscan un accesorio discreto, versátil y atemporal, que acompañe tanto looks clásicos como modernos con un toque de romanticismo.</p>
<p><strong>Técnica:</strong> Alambrismo hecho a mano  por nuestras artesanas.<b><br />
Color: </b>Perla natural , perlas de vidrio,piedra en vidrio , alambre baño. Puedes pedirlo en preorden en color oro rosa o dorado.</p>
<ul>
<li>Medidas: 50cm x 4cm</li>
</ul>
<p>Hecho a mano en Colombia.</p>

<p>Este tocado tiene una estructura delicada y flexible, trabajada con técnica de alambrismo en tono plata. Los hilos finos se entrelazan para formar pequeñas ramas adornadas con perlas naturales y cristales transparentes que capturan la luz con sutileza. Su diseño liviano y orgánico permite adaptarlo fácilmente en forma de tiara como  alrededor de un moño, trenza o como detalle lateral, aportando un brillo elegante sin restar protagonismo al</p>
